se 42*i = g*i - 315. Let z = i - -30. What is the remainder when z is divided by 32?
29
Let g be (6/10)/(8/(-10) + 1). Suppose 0 = g*w - 66 - 63. Let y(n) = -12*n**3 + 4*n**2 + 5*n + 4. Calculate the remainder when w is divided by y(-1).
13
Suppose 7*v = 251 - 762. Calculate the remainder when (v - -11)/(14/(-12) - -1) is divided by 25.
22
Let c = 13 - 21. Suppose -u - 4 = -t, -55*t = -57*t - 7*u + 17. Calculate the remainder when (c/(-10))/(1/15) is divided by t.
2
Let g = -825 + 1120. Let u = 92 + g. Calculate the remainder when u is divided by 26.
23
Let n(j) = j**3 + 55*j**2 + 293*j + 192. What is the remainder when n(-49) is divided by 101?
39
Suppose -515*k + 1328246 - 60885 + 86059 = 0. What is the remainder when k is divided by 97?
9
Suppose 685 = 4*s - 3*w, s + w - 530 = -2*s. Suppose 0 = t - 5*z - 61, -4*z - 150 = 3*t - 6*t. Calculate the remainder when s is divided by t.
37
Let z = -14114 - -14160. What is the remainder when 1976 is divided by z?
44
Suppose -767 = -81*k + 853. Suppose -4*f - 375 = -5*z, 2*z + f - 350 = -3*z. Calculate the remainder when z is divided by k.
11
Let u(h) = -h - 1. Let o(s) = 40*s + 29. Let m(d) = o(d) + 4*u(d). What is the remainder when 322 is divided by m(0)?
22
Suppose 0 = -x - 45 + 24. What is the remainder when (-6 - 85/(-15))*x is divided by 4/8*(3 + 1)?
1
Let p = 33 - 31. Let l be (1/p)/(16/(-96)). What is the remainder when 7 is divided by 0 + 13/3 - (-1)/l?
3
Let x(w) = -2*w + 53. Let i(d) = -d**2 - 14*d - 40. Let s be i(-7). What is the remainder when 99 is divided by x(s)?
29
Let d = 11493 - 6892. Calculate the remainder when d is divided by 29.
19
Suppose 50545 = 385*d - 13750. Let n(r) = -1 + 78*r**3 - 11*r**3 - 11*r**3 + 2*r**2. What is the remainder when d is divided by n(1)?
53
Let u be -1*5/(30/(-81))*2. Suppose -8*x - x = u. Let h = 12 - x. What is the remainder when 55 is divided by h?
10
Suppose 2*s - 2 = 2. Let m = -64674 - -64687. What is the remainder when (0 - 1) + s + 75 is divided by m?
11
Let c = -80 + 125. Suppose -u = -7*u - 186. Let g = u + c. Calculate the remainder when 38 is divided by g.
10
Let v = 2538 + -2478. What is the remainder when 233/(3 + -6 + 4) is divided by v?
53
Let s(p) = 2*p**3 + 91*p**2 - 47*p + 116. Calculate the remainder when s(-46) is divided by 52.
6
Let z(x) = -6*x + 3. What is the remainder when ((-1404)/(-66))/(87/957) is divided by z(-12)?
9
Let k(l) = -l**2 - 5*l - 12 + 9*l + l. Let j be k(9). What is the remainder when 44 is divided by 4/3 - 512/j?
8
Suppose -8*a + 76 - 124 = 0. Calculate the remainder when 51 is divided by (a/(-51) - 108/51) + 20.
15
Suppose 7165*p - 7152*p - 169 = 0. Suppose 2*m - 499 = -5*y, -2*y - 3*m = 2*m - 208. Calculate the remainder when y is divided by p.
8
Let y(j) = j**3 + 47*j**2 + 19*j - 645. What is the remainder when y(-34) is divided by 11?
9
Let g(z) = 0*z + 19*z - 24*z + 139. Calculate the remainder when g(21) is divided by 2.
0
Let t = 16 + -16. Suppose 3*l + 4*d - 53 = t, 0 = 2*l + 3*l + 5*d - 90. Suppose s + 4 = l. Calculate the remainder when s is divided by 4.
3
Let y(z) = 8*z**2 + 9*z + 11. Let n(a) = 5*a**2 + 5*a + 6. Let b(f) = 5*n(f) - 3*y(f). What is the remainder when 9 is divided by b(-2)?
4
Let u = -53 + 68. Suppose 0 = -2*i - 2*p + 338, 3*i - 469 = 3*p + 8. Calculate the remainder when i is divided by 2/(1/(u/2)).
14
Let q = -403 + 419. Calculate the remainder when (1136/(-32))/((3/2)/(-3)) is divided by q.
7
Suppose f + c + 0*c = 30, 0 = -3*f + c + 70. Let o be (-22)/8 - -3 - (-623)/(-28). Calculate the remainder when f is divided by -11*(3 - 2)*(o - -21).
3
Let g = -2548 - -2857. Calculate the remainder when g is divided by 9.
3
Suppose -s - 4 = 4*v, -2*v + 0*v + 3*s - 2 = 0. Let q be v - (-4 + -2 + -23). Let w = -2 + q. What is the remainder when w is divided by 10?
6
Let h = 6826 + -5587. Calculate the remainder when h is divided by 31.
30
Suppose -4*h - 10 = -6*h, 3*s + 665 = 4*h. Let w = s - -270. Calculate the remainder when w is divided by 42.
13
Let s be 17 + -13 + 7/(-1). Calculate the remainder when 25 is divided by s*(-6)/(-144) + 285/40.
4
Let f = 56 + -36. Let g be -2*(-4)/16*0. Suppose g = -7*o - 10*o + 119. What is the remainder when f is divided by o?
6
Let l = -278126 + 278134. Let u = 3 - 0. Suppose -97 = -2*d + u*q + 48, 0 = -d + 2*q + 74. What is the remainder when d is divided by l?
4
Suppose -345*r + 336*r = -108. What is the remainder when 1523 is divided by r?
11
What is the remainder when 179 is divided by (-3)/((-6)/182*(-8 - (-46)/4))?
23
Suppose 4 = -3*s + 13. Let l(w) = w**2 - w - 9. Suppose -a - 2*z + 6 = -0*z, -5*z = 3*a - 13. What is the remainder when l(a) is divided by s?
2
Suppose -5*q + s - 783 = -8*q, 5*q - 4*s = 1322. Suppose -47 = -2*l + 1. What is the remainder when q is divided by l?
22
Suppose 20 = 4*t, m + 5*t + 91 = -3*m. Suppose 0 = 4*o + 2*f - 156, 5*o + 3*f = 7 + 187. Let k = o + m. What is the remainder when 65 is divided by k?
10
Let v = 668 - -289. Calculate the remainder when v is divided by 60.
57
Let p = 16 - -4. What is the remainder when ((-168)/4116)/(1/(-2429)) - (-2)/(-14) is divided by p?
19
Let z be ((-3)/(-4))/3 - (-25)/(-100). Suppose z = 6*b + 120 - 288. What is the remainder when 93 is divided by b?
9
Suppose 6*y + 265 = 5*g + 10*y, 0 = 3*g + y - 152. Calculate the remainder when 212 is divided by g.
16
Suppose 27 = -b - 2*b, 4*y + 5*b = 3031. What is the remainder when y is divided by 270?
229
Suppose 42*z + 47268 = 48276. What is the remainder when z is divided by 2/3 + 25/3?
6
Suppose -2*u + 6520 = -3*p, -5*u + 469*p - 474*p = -16225. Calculate the remainder when u is divided by 18.
11
Suppose -100 = -4*r + 3*b + 2, 5*r - 3*b - 132 = 0. Let y = 19 - -99. What is the remainder when y is divided by r?
28
Suppose 19*b - 35 = 18*b - g, -5*g - 105 = -3*b. Suppose 4*t + 5 = -3. Calculate the remainder when b is divided by 3/((-6)/t)*13.
9
Let d be (-11998)/(-12) + (-9)/(-54). Suppose 3*x - g + 8 = 0, -5*x - 40 = -7*g + 12*g. Calculate the remainder when (x/10)/((-25)/d) is divided by 12.
4
Let m(f) = 3*f - 85. Let g be m(-9). What is the remainder when 446 is divided by ((-24)/(-7))/((-6)/g)?
62
Let l = -99 - -61. Let k = l + 63. Let a(d) = d**3 + 7*d**2 - 20*d - 3. What is the remainder when k is divided by a(-9)?
10
Suppose 301*v - 182*v = 15589. Calculate the remainder when 388 is divided by v.
126
Let v(c) = -8*c**2 - c + 4. Let y be v(2). Suppose 5*f = -4*i - 35, -9 = i - 4. Calculate the remainder when 78 is divided by (y/f)/(1/1).
8
Let o = -3 - -8. Suppose -3*d - x + o*x = 0, 4*d + 4*x = 0. Suppose 3*p + 2*u = 26, d = -p - 2*u - 2*u + 12. What is the remainder when 21 is divided by p?
5
Suppose 152*a + 309708 = 236*a. What is the remainder when a is divided by 30?
27
Let o be (-2)/(-4) - 3/(-2). Let d(r) = r - 2. Let a(q) = -10*q - 1. Let s(v) = -a(v) - 2*d(v). What is the remainder when 145 is divided by s(o)?
19
Let r = 858 + -716. Suppose -110 = 26*p - 36*p. Calculate the remainder when r is divided by p.
10
Let d be (-4)/6 - (-539)/147. Suppose -3*m + 3*c + 147 = -180, -d*c + 450 = 4*m. Calculate the remainder when m is divided by 16.
15
Calculate the remainder when 309 is divided by -1 + 7 + (126542/434 - 9/(-21)).
11
Let x = -86 + 262. Let z = x - 112. What is the remainder when z is divided by 22?
20
Suppose 111*p = -79*p + 480892 + 30778. Calculate the remainder when p is divided by 20.
13
Let l = 4052 - 3998. Calculate the remainder when 799 is divided by l.
43
Let h be 3/(13/(-8) - 6/(-3)). Suppose h*w - 21 = 355. What is the remainder when 137 is divided by w?
43
Let z = 5 + 1. Let r = 113 + -103. Let b(v) = 3*v - 19. What is the remainder when b(r) is divided by z?
5
Let b = 121 + -103. Suppose -b*h + 16*h + 62 = 0. Suppose 3*s - 504 = -141. Calculate the remainder when s is divided by h.
28
Suppose -t - 1908 = -4*n, -5*n + 422*t + 2388 = 420*t. Calculate the remainder when n is divided by 40.
36
Let z = -42 + 54. Suppose -5*s + z*s - 294 = 0. Let x = -26 + s. Calculate the remainder when 77 is divided by x.
13
Let r be (-9)/30*-2*-15. Let l(v) = 45*v - 33. Let h(x) = 23*x - 16. Let i(q) = r*h(q) + 5*l(q). Calculate the remainder when i(4) is divided by 13.
12
Calculate the remainder when (-33059)/(-1092)*21*